 7*r**2 + 2*r - 2. Let b be g(-8). Let q = b + -50. What is y(q)?
16
Let s = 89 + -89. Let j(q) = 2 - 3 + s + q + 3. Suppose 0 = -2*c - 5 + 15. Give j(c).
7
Let s = -2 - -6. Suppose d + s*u - 6 = 0, -4*d + 4*u = u - 5. Let f(j) = -9 + j**d + 15*j + 10 - 17*j. What is f(-2)?
9
Let t be (366/(-488))/(1 + 22/(-16)). Let v(w) = w**2 - w. Let b be v(t). Let a(q) = 16*q. Calculate a(b).
32
Let r = 3061 + -3064. Let k(c) = -2*c**3 - 3*c**2 + 4*c + 9. Determine k(r).
24
Let q = -12698 - -12707. Let w(r) = -r**2 + 11*r - 18. Give w(q).
0
Let x(m) be the third derivative of -m**5/60 + 2*m**4/3 + 53*m**3/6 + 2*m**2 - 59*m. Give x(-3).
-4
Suppose -300*f - 195 = 109*f + 214. Let g(p) = -16*p - 5 + 3 + 0. Determine g(f).
14
Let c(h) be the second derivative of -h**5/20 + 2*h**4/3 + 7*h**3 - 305*h**2/2 - 15197*h. Calculate c(9).
-8
Let i(w) = -2*w + 55. Let a = 4094 - 4094. Determine i(a).
55
Let v(j) = -3*j - 14. Let b(m) = m + 5. Let a = 3 + -7. Let r(t) = a*v(t) - 11*b(t). Let y = 25 + -28. Calculate r(y).
-2
Suppose -2*k = 5*n - 31, 61 - 28 = 3*k + 3*n. Let o(h) = 10 - 6*h**3 + 2*h**3 + 110*h**2 + 3*h**3 + 8*h - 103*h**2. What is o(k)?
10
Let t(n) = -15*n**2 - 14*n + 12. Let k(h) = -28*h**2 - 24*h + 25. Let o(u) = -5*k(u) + 9*t(u). Determine o(-3).
46
Let t = 6751 + -6748. Let c(i) = -3*i + 11. Determine c(t).
2
Let a(l) = -5*l - 36. Let d(i) = -i**2 - 1063*i + 3198. Let c be d(3). Determine a(c).
-36
Let n(f) be the second derivative of -f**5/20 - f**4/3 + 2*f**3/3 + 9*f**2/2 + 1388*f. Give n(-3).
-12
Let y = -523 - -671. Suppose y*k - 9 = 149*k. Let z(q) = -2*q - 19. Determine z(k).
-1
Let g be 42/77 + 135/55. Let z(a) = a**2 - 4*a - 2. Let k(f) = 2*f**2 - 8*f - 4. Let y(l) = 6*k(l) - 13*z(l). Give y(g).
5
Let p(n) = -13*n - 1. Let u(a) = a**3 + 2*a**2 - 28*a - 34. Let i be u(5). Calculate p(i).
-14
Suppose 346*l = 329*l - 85. Let j(w) = -23*w + 16. Determine j(l).
131
Let v be (114/(-95))/(4/(-10)). Let u(t) = 2*t**3 + 3 - v*t**3 - 31624*t + 3*t**2 + 31620*t. What is u(3)?
-9
Let z be (40/35)/(-4) - 1*65/91. Let y(m) = -109*m - 4. Calculate y(z).
105
Let h(t) = 3*t + 4. Let g be 36/144 - (-1 + 469/4). Let y = -113 - g. Calculate h(y).
13
Let c(s) = 8*s**2 + s + 4. Let w(f) = 9*f**2 + f + 5. Let p(t) = 7*c(t) - 6*w(t). Suppose 11*u - 4*u - 126 = 0. Let d be ((-6)/u)/((-2)/(-12)). What is p(d)?
4
Suppose 0 = -6*g + g. Suppose -6 = z - g. Let q(f) be the second derivative of -f**5/20 - 7*f**4/12 - f**3 - 11*f - 1. Determine q(z).
0
Let m be (-48)/(-456) - (-5)/((-285)/(-564)). Let p(b) = b**2 - 11*b + 23. Give p(m).
13
Let s(d) = d**2 + 7*d + 5. Let q(k) = -5*k - 70. Let w(t) = t**3 + 22*t**2 - 22*t + 10. Let r be w(-23). Let h be q(r). Give s(h).
-5
Let b(r) = -r**3 + 4*r**2 + 57*r - 12. Let c be ((-276)/253)/(6/33). Let v be b(c). Let u(o) be the first derivative of o**3/3 - 5*o**2/2 - 6*o + 1. Give u(v).
0
Let v(s) = 3*s**3 - 4*s**2 - 21*s + 56. Let r(z) = -z**3 + z**2 + 6*z - 18. Let h(k) = -10*r(k) - 3*v(k). What is h(-3)?
-6
Let z(s) = s + 9. Suppose -5*a - 2*x + 0*x + 1250 = 0, 4*x = -3*a + 736. Let u = a - 262. What is z(u)?
-1
Let x(h) = h**3 - 2*h + 16. Let c = -13913 + 13918. Calculate x(c).
131
Let o = -3988 - -3989. Let i(d) = 5*d**2 + 5*d - 6. Calculate i(o).
4
Let u be 4 + -7 + 2 + -7 + 19. Let o(x) = -x + 4*x**3 + 2*x + 6 - 2*x**3 - 2*x - u*x**2 - x**3. What is o(11)?
-5
Let z(q) be the first derivative of q**2 - 4*q + 23. Let a be z(3). Let b(x) = 9 - 28*x**2 - 8 + 15*x**a. Calculate b(1).
-12
Let i = 14 - 8. Suppose 5 = -i*r + 11*r. Let o(x) = -4*x - 8. Let b(p) = 1. Let l(k) = -8*b(k) - o(k). What is l(r)?
4
Suppose -g - 2*u = 7, 5*g = 2*u + 13 - 0. Let d(q) = 31*q**2 - 13*q + 18 - g + 27*q**2 - 57*q**2. Give d(12).
5
Let o(x) = -x**3 + 16*x**2 + 17*x + 4. Let z be 2 + 3 + 1 - 4. Suppose 0 = -3*c - 4*t + 47, -56 = -4*c - z*t + 10. Determine o(c).
4
Suppose 183*g - 64 = 167*g. Let u(o) = 2*o**2 + 5*o - 18. Give u(g).
34
Let u(h) = -8*h + 55. Suppose 4*n + 3*w + 65 = 0, -6*w + 36 = -2*n - 4*w. Let k(r) = 3*r - 19. Let j(d) = n*k(d) - 6*u(d). What is j(-7)?
14
Let k(u) = -31 + 15 - 10*u + u + 4*u + 17. Give k(-8).
41
Let f(w) = -2*w**3 + 3*w**2 - 19*w - 13. Let t(u) = -u**3 + u**2 - 6*u - 4. Let o(p) = -5*f(p) + 16*t(p). Give o(1).
-5
Suppose 0 = 5*v + 21*c - 26*c + 45, 17 = -v + 3*c. Let z(f) = f - 3. Let p(i) = -i + 6. Let h(n) = -3*p(n) - 5*z(n). Determine h(v).
7
Let f(y) be the first derivative of -y**4/4 + 10*y**3/3 - 4*y**2 + y - 11. Let s be f(9). Let g(h) = -2 + 9 + 0 - s - 2*h. Calculate g(-2).
1
Let s(o) = o**3 - 5*o**2 - o + 21. Let h(p) = -122*p + 5860. Let z be h(48). Determine s(z).
1
Let o be (-52)/(-54) - (-65)/1755. Let t(q) = 45*q - 22. Determine t(o).
23
Let m = -27 + 52. Suppose -m = 3*p + 2*p, -4*q + 2 = 2*p. Suppose -q*v - 27 = -9. Let c(k) = k**3 + 7*k**2 + 5*k + 1. What is c(v)?
7
Let g(s) = 2*s**2 + s + 1. Let h(l) = -20*l - 178 - 3*l + 11 + 27. Let m be h(-6). Calculate g(m).
7
Let y(p) = p**2 + 15. Let l be y(0). Let o = 10 - l. Let a(n) = 28*n**2 - n**3 - 6 - 30*n**2 + 5*n - 2*n**2. Determine a(o).
-6
Let w = 137 - 128. Let i be (w + -6)*(-1)/3*0. Let g(u) = u**3 + 11. Determine g(i).
11
Let l(d) = 44*d**2. Let p be -5*9/18*6/15. Determine l(p).
44
Let i(t) = -t - 3. Let s(y) be the first derivative of -2*y**3/3 + 13*y**2 + 11*y + 13. Let v be s(13). Suppose 5*k - 3*a = v, k - 4*a = a - 11. Calculate i(k).
-7
Let c(p) = 4*p - 15. Let i be (6/(-9))/(5 - 535/105). Suppose 9 = -3*v, 4*v - 27 = -3*g + i*v. Calculate c(g).
9
Let u(c) = 10*c - 70. Let b be u(7). Suppose b*w + 15 = -2*h + 5*w, -4*h - 4*w = 72. Let j(p) = -p**3 - 15*p**2 + 7. Give j(h).
7
Let r(h) be the first derivative of 3*h**2 + 70 - 35*h + 31*h - 4*h**2. Determine r(-6).
8
Let v(y) = y**2 + 3*y - 5. Let o = 89 - 65. Suppose -o = 3*x - 3*b, 0 = 3*b - 26 + 20. Give v(x).
13
Let a = 10879 + -10885. Let b(s) be the second derivative of -s**4/12 - s**3 - s**2 + 7*s. Determine b(a).
-2
Let t(z) = 21*z + 4. Let d(j) = -93*j - 19. Let m(c) = 4*d(c) + 18*t(c). What is m(-2)?
-16
Let h(a) be the third derivative of a**8/5040 - a**7/5040 - a**5/30 + 31*a**4/8 + 28*a**2 - 4. Let x(k) be the third derivative of h(k). Give x(1).
3
Let y = -49 - -114. Let l be (-130)/y*-1*3. Let b(w) be the first derivative of w**3/3 - 4*w**2 + 5*w - 1. What is b(l)?
-7
Suppose 4*y - 8 = -3*m, 191*m + 13 = 194*m - y. Let s(z) = 3*z**2 - 9*z - 3. Determine s(m).
9
Let n(k) = k**2 - 17*k + 11. Let f = -24 - -29. Suppose 4*g + 3*y - f*y = 56, -5*y = 3*g - 68. Let v be n(g). Let w(x) = x**2 + 7*x - 1. Give w(v).
-11
Let l(q) be the first derivative of 9*q**2/2 - 80*q + 1351. Give l(9).
1
Let c(w) be the third derivative of w**7/840 - w**6/720 - 5*w**5/6 - 51*w**2. Let i(l) be the third derivative of c(l). What is i(1)?
5
Let f(x) = 82*x. Let c(q) = 45*q + 1. Let t(z) = -11*c(z) + 6*f(z). Give t(4).
-23
Let s(o) be the first derivative of o**3/3 - 5*o**2/2 - 2*o - 2864. Let n = -9 - -11. Suppose -n*f + 14 = 3*x, -4*f - 8 = -0. Give s(x).
4
Let u(c) = 263153*c - 526351*c + 304 + 263165*c. Determine u(9).
7
Let w be -2 + 9/((-45)/1540). Let c = 320 + w. Let n(f) = -f**3 + 10*f**2 - 11. Calculate n(c).
-11
Let w(a) = 8*a**2 + 2*a + 1. Let y(l) = 75*l - 301. Let b be y(4). What is w(b)?
7
Suppose 12*f = 8*f + 152. Suppose -2*d + f = -8. Let k(v) = d*v**2 - 3*v + 6 - 3*v - 24*v**2. What is k(-6)?
6
Let p(t) = 1 - 3 + 0 + 7*t - 6*t. Let r be 4 - 7 - (-80 - -1). Let i be r/14 - (-8)/14. Calculate p(i).
4
Suppose -3 = -3*i + 33*k - 36*k, -5*k = 20. Let d(z) = z**2 - 8*z + 13. Give d(i).
-2
Let m(q) = -q**2 - 3*q + 3. Let t(d) = d**3 - d**2 - d + 17. Let p be t(0). Let l be (-3 + -10 + 5)*-1. Suppose -l*s - p = 15. Give m(s).
-1
Suppose 0 = 9*t + 18*t - 81. Let y(l) = -13*l + 4*l + 4*l + t*l - 10. Calculate y(-9).
8
Let d(v) be the third derivative of -v**6/180 + 3*v**5/40 - 27*v**4/8 + 5*v**2 - 3. Let f(g) be the second derivative of d(g). Give f(5).
-11
Let b(s) be the third derivative of s**5/12 - 3*s**4/8 + 5*s**3/3 - 2658*s**2. What is b(4)?
54
Let q be 94/(-141) + -1*4/(-6). Suppose -11*j + 85 + 69 = q. Let y(p) = p - 7. What is y(j)?
7
Let o(d) = -d**2 + 4. Let u be o(-3). Let b = -7 + 11. Let i(t) = b*t - t**3 + 2 + 5 - 9 - 4*t**2. Calculate i(u).
3
Let z(j) = 47*j**3 + 90*j**2 